2?
31
Let z(n) = 71 - 53 + 3*n - n. Let w be z(-8). Calculate the greatest common divisor of w and 2.
2
Suppose -20*f - 25376 = -81*f. What is the greatest common factor of f and 364?
52
Let y be (1 - -2) + -1 + 1. Let g be ((-4)/(-6))/(2/36). Calculate the greatest common factor of y and g.
3
Let f(j) = -88*j. Let g be f(1). Let b = -1 - g. Calculate the highest common divisor of b and 58.
29
Suppose 5*z = 2*t - 2 - 28, -3*t = 4*z + 1. Let x(b) = b - 1. Let o be x(t). Suppose 5*v - 11 = o*v. What is the greatest common factor of 44 and v?
11
Suppose -3*x + 58 + 98 = 0. Calculate the highest common divisor of 130 and x.
26
Suppose -43 - 269 = -8*y. What is the highest common factor of y and 39?
39
Let r = 154 - 352. Let d = -63 - r. Suppose -m = 3*m - 216. Calculate the greatest common divisor of m and d.
27
Let f(v) = 8*v**3 - 7*v + 13. Let n be f(3). Calculate the highest common factor of n and 78.
26
Let q(n) = 2*n + 10. Let j be q(12). Suppose 180 = -j*m + 39*m. Suppose 4*f = 17 + 31. What is the greatest common divisor of m and f?
12
Let l(p) = -p**3 + 22*p**2 - 2*p + 54. Let w be l(22). Suppose -25 = -5*v + 4*j, -3*v + v + 3*j = -w. Calculate the highest common divisor of v and 35.
5
Let q = -105 + 223. Let v = q - 38. Calculate the greatest common divisor of v and 5.
5
Let s = 797 + -545. Suppose 13*i + 14*x = 12*x + 354, 4*i - 117 = x. What is the greatest common divisor of s and i?
28
Suppose 2*k + 16 = 2*o, -4*o - k + 16 = -31. What is the highest common factor of 660 and o?
11
Let i be (-12*(-63)/81)/((-2)/(-3)). Suppose 0 = -4*g + 3*g + 112. What is the highest common divisor of i and g?
14
Let c = -239 - -165. Let b = c + 119. Suppose 5*r + 0*r = 25. What is the greatest common factor of r and b?
5
Let b be (-2)/(-4)*1/((-13)/(-546)). Calculate the greatest common factor of b and 231.
21
Suppose 7*m + 793 = 1577. Calculate the greatest common divisor of m and 14.
14
Suppose 2 = -4*b + 2*s, -4*b + 0*b + 28 = 4*s. Suppose -15*h - 5*u + 70 = -13*h, -34 = -b*h + 4*u. Calculate the highest common divisor of h and 15.
5
Suppose 5*a - 4*w - 122 = 0, 44 - 54 = -5*w. What is the highest common divisor of 39 and a?
13
Suppose -266 = -3*f + 139. Suppose -23 - 7 = -2*k. Calculate the highest common factor of f and k.
15
Suppose 2*k + 2*b - 332 - 22 = 0, -4*k = -b - 723. What is the greatest common divisor of 12 and k?
12
Let a be (4/(16/100))/1. Calculate the greatest common factor of a and 50.
25
Let l(w) = 3*w**2 + 52*w - 69. Let s be l(-30). Calculate the greatest common divisor of s and 51.
51
Let t = 23 - 35. Let s(i) = i**2 + 4*i - 2. Let b be s(-5). Let o be (-170)/(-8) + b/t. Calculate the greatest common divisor of o and 231.
21
Let r(j) = -j**2 - 7*j - 2. Let g be r(-6). Suppose -g*h + 10 = -9*h. Let a = 15 + h. Calculate the greatest common divisor of 143 and a.
13
Let l be (-5 + 2)/((-12)/32). Let s = -24 - -24. Let v be (4/8 - 0)*(s - -112). What is the highest common factor of l and v?
8
Let y be (-232)/754 + 684/26. Let i be 3/(2 + 1) + 103. What is the greatest common factor of i and y?
26
Let s = -2 - 30. Let t be 2/((s/28)/(-4)). Calculate the highest common divisor of t and 63.
7
Suppose -3*c - 105 + 123 = 0. Let n(k) = -k**3 + 6*k**2 + 6*k - 20. Let h be n(c). Calculate the greatest common factor of 24 and h.
8
Suppose 4*l = 4*t - 16, l - 2*t + 8 = -2*l. Suppose l*g - 7*g = -1015. What is the greatest common factor of g and 29?
29
Suppose v - 5*n - 1 + 14 = 0, -3*n = -5*v - 131. Let p be (v/(-4) - 4) + 9. What is the greatest common divisor of p and 132?
12
Suppose -5*s + 56 = -4*f, f + 89 - 102 = -s. What is the highest common factor of s and 228?
12
Suppose 3*r - 13*r = -180. What is the greatest common factor of r and 558?
18
Let d = 47 - 44. Suppose -d*h + 14 = -40. Suppose -3*b - 3 = 0, 0 = 3*n - 0*n + 5*b - 22. What is the highest common factor of n and h?
9
Suppose 0 = 104*a - 77*a - 243. Calculate the highest common divisor of a and 129.
3
Let a be 4*(19 + 1 + 0). Let n be 5 - (7 - 1 - 5). Suppose 12 = b - 4*q, 5*q - 53 = n*b - 7*b. What is the greatest common divisor of a and b?
16
Suppose 0 = -5*s - 2*u + 105, -201*s = -206*s + 5*u + 105. Suppose 3*m + 327 = 5*r, -r + 47 = -2*m + 6*m. Calculate the greatest common divisor of s and r.
21
Let f be (1 - 1)*(-1)/(-1). Let s be ((-12)/8)/(12/(-16)). Suppose -s*z = d - 2*d + 38, f = -4*z - 16. Calculate the greatest common factor of 20 and d.
10
Suppose -4*w - 39 = -7*w. Let t = 20 - w. Calculate the highest common divisor of t and 14.
7
Let n be (-16)/(-6*(-1)/(-27)). What is the highest common divisor of n and 16?
8
Suppose -3*d = -5*t - 11, -4*d + 18 = -4*t - t. Let r(a) = 49*a**2 + 167*a + 167. Let u be r(-1). Calculate the highest common divisor of d and u.
7
Let u = 5 + -3. Suppose -k + u*k - 14 = 0. Suppose -2*n - 136 = -5*b, 24 = b + 5*n - 14. Calculate the highest common factor of k and b.
14
Suppose 3*u - 10 = -q + u, -5*u - 2 = -2*q. Let i(z) = z**3 + 5*z**2 + 5*z + 3. Let k be i(-3). Calculate the greatest common divisor of k and q.
6
Let j be ((-6)/8)/((-7)/28). Suppose j*d + 49 = 139. Calculate the greatest common divisor of d and 20.
10
Let w = -19 - -9. Let y = w - -50. Suppose -7*x + 5*x + y = 0. Calculate the highest common factor of x and 4.
4
Let o = -20 - 20. Let a = 50 + o. What is the greatest common divisor of 50 and a?
10
Let d = -679 - -715. What is the greatest common divisor of d and 456?
12
Let m(t) = 2*t**2 + 18*t - 72. Let a be m(-18). What is the highest common factor of a and 28?
28
Let r be (-33)/(-66) + 5*81/6. Calculate the highest common factor of 4 and r.
4
Suppose -5*y + 23 + 2 = 0. Suppose 61 = 2*d + 3*i, -4*i + 25 = y. Let m be 2 - 90/(2 + -3). What is the highest common factor of d and m?
23
Let v(d) = -10*d**3 + d**2 + 16*d + 28. Let f be v(-2). What is the greatest common factor of f and 60?
20
Let m(a) = a**3 + 6*a**2 - 5*a - 8. Suppose 3*i = 6*i + 18. Let o be m(i). Let c = -19 + o. Calculate the greatest common factor of c and 3.
3
Suppose 3*x + p - 40 = 0, -5*x + 0*x - 4*p + 62 = 0. Suppose 0 = 2*g - 18 - x. Suppose 0 = r - 5*r + g. Calculate the highest common factor of 32 and r.
4
Suppose -435*k = -440*k + 4*y + 83, 2*y = -3*k + 41. Suppose -2*h + 15 + 1 = r, 0 = 2*r - 5*h - 5. What is the highest common factor of r and k?
5
Suppose -2*i + 4*i - j + 105 = 0, -261 = 5*i - 4*j. Let u be 2 - ((-4 - -1) + -72). Let x = u + i. What is the greatest common factor of x and 3?
3
Let j = 50 - 22. Let p = 2 + j. What is the greatest common factor of p and 45?
15
Suppose -3*u - 12*u = -75. What is the greatest common divisor of u and 175?
5
Suppose 4*f - 590 = -6*f. Let t = 83 - f. What is the highest common factor of 3 and t?
3
Let p be (-15)/(-4) - (-12)/(-16). Suppose 0 = k, -p*d + 8*d = 3*k. Let b = d - -8. Calculate the highest common divisor of b and 24.
8
Let z(o) = 52*o**2 + 3*o - 4. Let u be z(3). Calculate the highest common factor of u and 43.
43
Suppose 4*w - 3*j = 731 + 778, -4*w - 3*j + 1515 = 0. What is the greatest common factor of 168 and w?
42
Suppose -7*z - 536 - 787 = 0. Let u = -144 - z. What is the greatest common factor of u and 18?
9
Suppose 16*i - 21*i = -2*n + 59, -2*n = -i - 39. Calculate the highest common divisor of 527 and n.
17
Let o be (-1)/(-3) - (-29325)/153. Calculate the greatest common factor of 216 and o.
24
Suppose 0*i = -2*i + 1118. Calculate the highest common divisor of 13 and i.
13
Suppose 5*l = -4*j + 38, -5*j = -0*j + l - 37. Suppose -g + 33 = -3*b + j*b, -g + 6 = -5*b. What is the greatest common divisor of g and 63?
21
Let x = 963 - 363. What is the greatest common divisor of 15 and x?
15
Suppose 0 = 5*w - 57 - 23. Let t = 18 - w. Suppose -t*p = 6, 3*j - 7*j - p + 57 = 0. What is the highest common divisor of 6 and j?
3
Suppose o - 5*o + 20 = 0. Suppose -5*q = -3*l - 123, o*q - 69 = -5*l + 86. Suppose s = 6 + 3. Calculate the highest common divisor of q and s.
9
Suppose -3*c = 2*r - 0*r - 30, -3*c + 2*r + 42 = 0. What is the highest common divisor of 108 and c?
12
Suppose 0 = x + 42 - 47, -3*x - 168 = -3*l. What is the highest common factor of l and 1647?
61
Suppose -8 = -3*g + 28. Let h be 1 + -3 - g/(-2). Suppose -4*q = h*k - 112, q + 84 = 4*q + k. Calculate the highest common d